8276 and 8316?
84
Calculate the highest common divisor of 204 and 787236.
204
Calculate the highest common factor of 204066 and 54.
54
Calculate the greatest common factor of 13104 and 3472.
112
Calculate the greatest common divisor of 750 and 14325.
75
What is the highest common divisor of 52 and 401986?
26
Calculate the highest common divisor of 2800 and 228025.
175
What is the greatest common factor of 3525 and 18847?
47
Calculate the highest common factor of 2006 and 39943.
59
Calculate the greatest common divisor of 120125 and 100.
25
What is the greatest common factor of 7776 and 25758?
486
What is the greatest common factor of 3520 and 337150?
110
Calculate the highest common factor of 33 and 2810247.
33
Calculate the greatest common factor of 16 and 144208.
16
Calculate the greatest common factor of 51381 and 891.
297
What is the greatest common divisor of 145 and 34423?
29
Calculate the greatest common factor of 1614382 and 11.
11
What is the greatest common factor of 6582 and 750?
6
What is the highest common divisor of 32774 and 14?
14
Calculate the greatest common factor of 780 and 4212.
156
What is the highest common divisor of 1470499 and 1366?
683
Calculate the highest common factor of 51507 and 417294.
873
Calculate the greatest common divisor of 4009824 and 819.
819
What is the highest common divisor of 4686 and 1278?
426
Calculate the highest common divisor of 40 and 2471770.
10
What is the greatest common factor of 102315 and 13965?
285
Calculate the greatest common divisor of 2924 and 14792.
172
Calculate the highest common factor of 941388 and 392.
196
Calculate the greatest common divisor of 530808 and 12.
12
What is the highest common factor of 26 and 337298?
26
What is the greatest common factor of 9292 and 400162?
202
Calculate the greatest common factor of 57288 and 2409.
33
What is the greatest common factor of 6409 and 55562?
13
What is the highest common divisor of 445 and 1445?
5
Calculate the highest common factor of 45 and 87045.
15
Calculate the greatest common divisor of 584391 and 917.
131
What is the greatest common divisor of 2121 and 31209?
303
What is the greatest common divisor of 174594 and 56?
14
What is the highest common divisor of 325 and 3474575?
325
Calculate the highest common factor of 924 and 10604.
44
Calculate the greatest common factor of 2856414 and 165.
33
What is the greatest common divisor of 1827 and 861?
21
What is the greatest common divisor of 826 and 442618?
118
What is the highest common divisor of 175072 and 2?
2
What is the greatest common factor of 350836 and 21684?
556
What is the greatest common divisor of 33050 and 66?
2
What is the greatest common divisor of 64 and 8304?
16
What is the highest common divisor of 1521 and 2237391?
1521
What is the highest common divisor of 100114 and 182?
14
Calculate the highest common divisor of 9510786 and 612.
306
Calculate the highest common factor of 478125 and 1683.
153
What is the greatest common factor of 3822 and 130?
26
What is the highest common divisor of 1336005 and 330?
165
What is the highest common divisor of 1736448 and 3990?
798
Calculate the highest common factor of 1665 and 4033.
37
Calculate the highest common factor of 6435 and 348660.
585
Calculate the highest common factor of 480 and 815008.
32
Calculate the highest common factor of 205181 and 19.
19
Calculate the greatest common factor of 1 and 42841.
1
What is the greatest common divisor of 342576 and 96?
48
Calculate the greatest common divisor of 1729 and 57551.
247
What is the greatest common divisor of 232 and 64944?
8
Calculate the greatest common divisor of 125600 and 1216.
32
Calculate the highest common divisor of 215 and 13373.
43
What is the greatest common divisor of 710 and 1415030?
710
Calculate the highest common divisor of 70690 and 10.
10
What is the greatest common divisor of 10287 and 203454?
1143
Calculate the greatest common divisor of 16020 and 7743.
267
What is the highest common divisor of 6006 and 79716?
546
Calculate the greatest common divisor of 60857 and 19.
19
What is the greatest common factor of 15140 and 5?
5
What is the highest common factor of 714 and 88638?
102
Calculate the greatest common divisor of 707 and 311383.
101
Calculate the highest common divisor of 178773 and 336.
21
What is the greatest common divisor of 295 and 649?
59
What is the highest common divisor of 17887 and 31?
31
Calculate the greatest common divisor of 9 and 12056103.
9
Calculate the highest common divisor of 10240 and 960.
320
Calculate the highest common factor of 56 and 57848.
56
Calculate the greatest common divisor of 660 and 753390.
330
What is the highest common divisor of 988 and 192?
4
Calculate the greatest common factor of 513 and 931.
19
Calculate the highest common factor of 32 and 5216.
32
What is the greatest common factor of 649 and 51799?
11
Calculate the greatest common factor of 34 and 167042.
34
What is the greatest common factor of 654 and 1140?
6
What is the greatest common divisor of 83304 and 3432?
312
Calculate the greatest common divisor of 9604 and 3164.
28
What is the greatest common divisor of 4 and 3581232?
4
Calculate the highest common divisor of 9180 and 189.
27
What is the highest common divisor of 323 and 7429?
323
Calculate the highest common factor of 1053 and 1458.
81
Calculate the highest common factor of 17597432 and 404.
404
Calculate the greatest common divisor of 3629679 and 2036.
509
What is the highest common divisor of 10752803 and 19?
19
What is the highest common divisor of 180 and 74610?
90
What is the highest common divisor of 563515 and 215?
215
What is the highest common divisor of 9140 and 3595?
5
What is the greatest common divisor of 33034 and 2490?
166
Calculate the greatest common factor of 292 and 164.
4
What is the greatest common factor of 33480 and 200?
40
What is the greatest common divisor of 11319 and 2499?
147
Calculate the highest common divisor of 1057 and 105.
7
What is the greatest common factor of 357216 and 1647?
183
What is the highest common divisor of 10203120 and 216?
72
Calculate the greatest common factor of 96 and 96024.
24
What is the highest common divisor of 18252 and 4482?
54
Calculate the highest common factor of 86 and 32.
2
Calculate the greatest common divisor of 839764 and 12681.
1409
What is the greatest common factor of 160 and 14?
2
What is the highest common divisor of 92842 and 193294?
1522
Calculate the highest common factor of 11869 and 214721.
1079
Calculate the highest common divisor of 2724 and 58112.
908
What is the highest common divisor of 13553878 and 494?
494
Calculate the highest common divisor of 183149 and 299.
23
Calculate the highest common factor of 315761 and 38.
19
Calculate the greatest common factor of 4 and 148188.
4
Calculate the greatest common divisor of 385 and 35609.
7
Calculate the highest common factor of 14312 and 848.
8
Calculate the greatest common divisor of 5412 and 80278.
902
What is the highest common divisor of 679 and 644?
7
What is the highest common factor of 231 and 48587?
77
Calculate the highest common factor of 161 and 5267.
23
What is the greatest common divisor of 6012 and 468?
36
What is the greatest common divisor of 748 and 289?
17
What is the highest common divisor of 55820 and 540?
20
Calculate the highest common factor of 60 and 16416.
12
Calculate the greatest common factor of 4125 and 193750.
125
Calculate the highest common factor of 136 and 10664.
8
What is the greatest common factor of 72 and 5418?
18
Calculate the highest common factor of 72 and 6642.
18
What is the highest common factor of 520455 and 34?
17
What is the greatest common factor of 160 and 1960?
40
Calculate the greatest common divisor of 76 and 1385366.
38
Calculate the highest common factor of 250 and 98950.
50
What is the highest common divisor of 1461 and 6029547?
1461
Calculate the highest common factor of 290998 and 166.
166
Calculate the greatest common factor of 17069 and 351.
13
What is the highest common factor of 136 and 12148744?
136
What is the highest common factor of 162 and 6114?
6
Calculate the highest common factor of 7473 and 115752.
159
What is the highest common factor of 17304 and 6804?
84
Calculate the highest common fac